{"id":990,"date":"2024-04-15T12:35:24","date_gmt":"2024-04-15T10:35:24","guid":{"rendered":"https:\/\/www.aubergedeveyrac.fr\/?page_id=990"},"modified":"2026-01-28T10:19:12","modified_gmt":"2026-01-28T09:19:12","slug":"traiteur","status":"publish","type":"page","link":"https:\/\/www.aubergedeveyrac.fr\/index.php\/traiteur\/","title":{"rendered":"TRAITEUR"},"content":{"rendered":"\t\t<div data-elementor-type=\"wp-page\" data-elementor-id=\"990\" class=\"elementor elementor-990\" data-elementor-settings=\"{&quot;ha_cmc_init_switcher&quot;:&quot;no&quot;}\">\n\t\t\t\t<div class=\"elementor-element elementor-element-e449473 e-con-full e-flex e-con e-parent\" data-id=\"e449473\" data-element_type=\"container\" data-e-type=\"container\" data-settings=\"{&quot;background_background&quot;:&quot;slideshow&quot;,&quot;background_slideshow_gallery&quot;:[{&quot;id&quot;:62,&quot;url&quot;:&quot;https:\\\/\\\/www.aubergedeveyrac.fr\\\/wp-content\\\/uploads\\\/2024\\\/04\\\/evenements-2-jos_1271.jpg&quot;},{&quot;id&quot;:695,&quot;url&quot;:&quot;https:\\\/\\\/www.aubergedeveyrac.fr\\\/wp-content\\\/uploads\\\/2024\\\/04\\\/IMG_7648.png&quot;},{&quot;id&quot;:696,&quot;url&quot;:&quot;https:\\\/\\\/www.aubergedeveyrac.fr\\\/wp-content\\\/uploads\\\/2024\\\/04\\\/IMG_7650.png&quot;},{&quot;id&quot;:698,&quot;url&quot;:&quot;https:\\\/\\\/www.aubergedeveyrac.fr\\\/wp-content\\\/uploads\\\/2024\\\/04\\\/IMG_7659.png&quot;},{&quot;id&quot;:699,&quot;url&quot;:&quot;https:\\\/\\\/www.aubergedeveyrac.fr\\\/wp-content\\\/uploads\\\/2024\\\/04\\\/IMG_7653.png&quot;},{&quot;id&quot;:64,&quot;url&quot;:&quot;https:\\\/\\\/www.aubergedeveyrac.fr\\\/wp-content\\\/uploads\\\/2024\\\/04\\\/evenements-4-img_0194.jpg&quot;}],&quot;background_slideshow_transition_duration&quot;:1000,&quot;background_slideshow_ken_burns&quot;:&quot;yes&quot;,&quot;background_slideshow_loop&quot;:&quot;yes&quot;,&quot;background_slideshow_slide_duration&quot;:5000,&quot;background_slideshow_slide_transition&quot;:&quot;fade&quot;,&quot;background_slideshow_ken_burns_zoom_direction&quot;:&quot;in&quot;,&quot;_ha_eqh_enable&quot;:false}\">\n\t\t\t\t<div class=\"elementor-element elementor-element-f31c849 elementor-widget elementor-widget-image\" data-id=\"f31c849\" data-element_type=\"widget\" data-e-type=\"widget\" data-widget_type=\"image.default\">\n\t\t\t\t<div class=\"elementor-widget-container\">\n\t\t\t\t\t\t\t\t\t\t\t\t\t\t\t<img fetchpriority=\"high\" decoding=\"async\" width=\"735\" height=\"793\" src=\"https:\/\/www.aubergedeveyrac.fr\/wp-content\/uploads\/2024\/04\/AUBERGE-DE-VEYRAC-logo-blanc-300.png\" class=\"attachment-2048x2048 size-2048x2048 wp-image-131\" alt=\"\" srcset=\"https:\/\/www.aubergedeveyrac.fr\/wp-content\/uploads\/2024\/04\/AUBERGE-DE-VEYRAC-logo-blanc-300.png 735w, https:\/\/www.aubergedeveyrac.fr\/wp-content\/uploads\/2024\/04\/AUBERGE-DE-VEYRAC-logo-blanc-300-278x300.png 278w\" sizes=\"(max-width: 735px) 100vw, 735px\" \/>\t\t\t\t\t\t\t\t\t\t\t\t\t\t\t<\/div>\n\t\t\t\t<\/div>\n\t\t\t\t<\/div>\n\t\t<div class=\"elementor-element elementor-element-26b1ffa e-flex e-con-boxed e-con e-parent\" data-id=\"26b1ffa\" data-element_type=\"container\" data-e-type=\"container\" data-settings=\"{&quot;background_background&quot;:&quot;classic&quot;,&quot;_ha_eqh_enable&quot;:false}\">\n\t\t\t\t\t<div class=\"e-con-inner\">\n\t\t<div class=\"elementor-element elementor-element-4629d6a e-con-full e-flex e-con e-child\" data-id=\"4629d6a\" data-element_type=\"container\" data-e-type=\"container\" data-settings=\"{&quot;_ha_eqh_enable&quot;:false}\">\n\t\t\t\t<div class=\"elementor-element elementor-element-fcd0c1a elementor-widget elementor-widget-heading\" data-id=\"fcd0c1a\" data-element_type=\"widget\" data-e-type=\"widget\" data-widget_type=\"heading.default\">\n\t\t\t\t<div class=\"elementor-widget-container\">\n\t\t\t\t\t<h2 class=\"elementor-heading-title elementor-size-default\">L'offre traiteur<\/h2>\t\t\t\t<\/div>\n\t\t\t\t<\/div>\n\t\t\t\t<div class=\"elementor-element elementor-element-4608021 elementor-widget elementor-widget-text-editor\" data-id=\"4608021\" data-element_type=\"widget\" data-e-type=\"widget\" data-widget_type=\"text-editor.default\">\n\t\t\t\t<div class=\"elementor-widget-container\">\n\t\t\t\t\t\t\t\t\t<p>Pour mieux vous servir, depuis 15 ans, l\u2019Auberge de Veyrac a mis en place un service TRAITEUR avec conception &#8211; R\u00e9alisation de buffets &#8211; Repas complet \u00e0 emporter &#8211; Cocktail \u00e0 emporter&#8230;<\/p><p>Un anniversaire ? une c\u00e9r\u00e9monie ?<\/p><p>Pour toutes ces occasions si particuli\u00e8res \u00e0 vos yeux, n\u2019h\u00e9sitez pas, faites appel \u00e0 notre savoir-faire et nous mettrons tout en \u0153uvre pour que vous et vos proches gardiez de ce moment un souvenir \u00e9mu.<\/p><p>Consultez-nous pour la composition des menus, nous \u00e9tablirons un devis personnalis\u00e9 selon votre demande.<\/p>\t\t\t\t\t\t\t\t<\/div>\n\t\t\t\t<\/div>\n\t\t\t\t<\/div>\n\t\t<div class=\"elementor-element elementor-element-49eac3f e-con-full e-flex e-con e-child\" data-id=\"49eac3f\" data-element_type=\"container\" data-e-type=\"container\" data-settings=\"{&quot;_ha_eqh_enable&quot;:false}\">\n\t\t\t\t<div class=\"elementor-element elementor-element-f18c2c4 elementor-widget__width-initial elementor-widget elementor-widget-image\" data-id=\"f18c2c4\" data-element_type=\"widget\" data-e-type=\"widget\" data-widget_type=\"image.default\">\n\t\t\t\t<div class=\"elementor-widget-container\">\n\t\t\t\t\t\t\t\t\t\t\t\t\t\t\t<img decoding=\"async\" width=\"800\" height=\"788\" src=\"https:\/\/www.aubergedeveyrac.fr\/wp-content\/uploads\/2024\/04\/custot-alinea.png\" class=\"attachment-large size-large wp-image-1001\" alt=\"\" srcset=\"https:\/\/www.aubergedeveyrac.fr\/wp-content\/uploads\/2024\/04\/custot-alinea.png 899w, https:\/\/www.aubergedeveyrac.fr\/wp-content\/uploads\/2024\/04\/custot-alinea-300x296.png 300w, https:\/\/www.aubergedeveyrac.fr\/wp-content\/uploads\/2024\/04\/custot-alinea-768x757.png 768w\" sizes=\"(max-width: 800px) 100vw, 800px\" \/>\t\t\t\t\t\t\t\t\t\t\t\t\t\t\t<\/div>\n\t\t\t\t<\/div>\n\t\t\t\t<\/div>\n\t\t\t\t\t<\/div>\n\t\t\t\t<\/div>\n\t\t<div class=\"elementor-element elementor-element-9049f8f e-flex e-con-boxed e-con e-parent\" data-id=\"9049f8f\" data-element_type=\"container\" data-e-type=\"container\" data-settings=\"{&quot;background_background&quot;:&quot;classic&quot;,&quot;_ha_eqh_enable&quot;:false}\">\n\t\t\t\t\t<div class=\"e-con-inner\">\n\t\t\t\t\t<\/div>\n\t\t\t\t<\/div>\n\t\t<div class=\"elementor-element elementor-element-75f2ed5 e-flex e-con-boxed e-con e-parent\" data-id=\"75f2ed5\" data-element_type=\"container\" data-e-type=\"container\" data-settings=\"{&quot;background_background&quot;:&quot;classic&quot;,&quot;_ha_eqh_enable&quot;:false}\">\n\t\t\t\t\t<div class=\"e-con-inner\">\n\t\t\t\t<div class=\"elementor-element elementor-element-856d393 elementor-widget elementor-widget-spacer\" data-id=\"856d393\" data-element_type=\"widget\" data-e-type=\"widget\" data-widget_type=\"spacer.default\">\n\t\t\t\t<div class=\"elementor-widget-container\">\n\t\t\t\t\t\t\t<div class=\"elementor-spacer\">\n\t\t\t<div class=\"elementor-spacer-inner\"><\/div>\n\t\t<\/div>\n\t\t\t\t\t\t<\/div>\n\t\t\t\t<\/div>\n\t\t\t\t<div class=\"elementor-element elementor-element-6fe4324 elementor-widget elementor-widget-text-editor\" data-id=\"6fe4324\" data-element_type=\"widget\" data-e-type=\"widget\" data-widget_type=\"text-editor.default\">\n\t\t\t\t<div class=\"elementor-widget-container\">\n\t\t\t\t\t\t\t\t\t<h1 style=\"text-align: center;\"><span style=\"text-decoration: underline; color: #ffffff;\"><span id=\"u16692\" class=\"texte-bold\">Notre espace \u00e9v\u00e8nementiel<br \/><\/span><\/span><\/h1>\t\t\t\t\t\t\t\t<\/div>\n\t\t\t\t<\/div>\n\t\t\t\t<div class=\"elementor-element elementor-element-1aa4418 elementor-widget elementor-widget-text-editor\" data-id=\"1aa4418\" data-element_type=\"widget\" data-e-type=\"widget\" data-widget_type=\"text-editor.default\">\n\t\t\t\t<div class=\"elementor-widget-container\">\n\t\t\t\t\t\t\t\t\t<p style=\"text-align: center;\">Vous cherchez un lieu unique pour votre prochain \u00e9v\u00e8nement? L&rsquo;Auberge de Veyrac est l&rsquo;endroit id\u00e9al pour c\u00e9l\u00e9brer, r\u00e9seauter et cr\u00e9er de beaux souvenirs.<br \/>Que ce soit pour un mariage, un gala, une soir\u00e9e priv\u00e9e ou autre, nous adaptons notre espace \u00e0 vos besoins.<br \/><br \/>un espace de 800m<span class=\"superscript\">2<\/span> ext\u00e9rieur<br \/><br \/>\u2022 Mange-debout \u2022<br \/>\u2022 Lumi\u00e8res \u2022<br \/>\u2022 Plancha \u2022<br \/>\u2022 Brasero \u2022<br \/>\u2022 Tourne-broche \u2022<br \/>\u2022 Chapiteau \u2022<\/p>\t\t\t\t\t\t\t\t<\/div>\n\t\t\t\t<\/div>\n\t\t\t\t<div class=\"elementor-element elementor-element-699fac1 elementor-widget elementor-widget-spacer\" data-id=\"699fac1\" data-element_type=\"widget\" data-e-type=\"widget\" data-widget_type=\"spacer.default\">\n\t\t\t\t<div class=\"elementor-widget-container\">\n\t\t\t\t\t\t\t<div class=\"elementor-spacer\">\n\t\t\t<div class=\"elementor-spacer-inner\"><\/div>\n\t\t<\/div>\n\t\t\t\t\t\t<\/div>\n\t\t\t\t<\/div>\n\t\t\t\t\t<\/div>\n\t\t\t\t<\/div>\n\t\t<div class=\"elementor-element elementor-element-232b6b2 e-con-full e-flex e-con e-parent\" data-id=\"232b6b2\" data-element_type=\"container\" data-e-type=\"container\" data-settings=\"{&quot;background_background&quot;:&quot;classic&quot;,&quot;_ha_eqh_enable&quot;:false}\">\n\t\t\t\t<\/div>\n\t\t<div class=\"elementor-element elementor-element-518bc69 e-flex e-con-boxed e-con e-parent\" data-id=\"518bc69\" data-element_type=\"container\" data-e-type=\"container\" data-settings=\"{&quot;background_background&quot;:&quot;classic&quot;,&quot;_ha_eqh_enable&quot;:false}\">\n\t\t\t\t\t<div class=\"e-con-inner\">\n\t\t\t\t<div class=\"elementor-element elementor-element-d57cf4f elementor-widget elementor-widget-spacer\" data-id=\"d57cf4f\" data-element_type=\"widget\" data-e-type=\"widget\" data-widget_type=\"spacer.default\">\n\t\t\t\t<div class=\"elementor-widget-container\">\n\t\t\t\t\t\t\t<div class=\"elementor-spacer\">\n\t\t\t<div class=\"elementor-spacer-inner\"><\/div>\n\t\t<\/div>\n\t\t\t\t\t\t<\/div>\n\t\t\t\t<\/div>\n\t\t\t\t<div class=\"elementor-element elementor-element-73f240c elementor-widget elementor-widget-text-editor\" data-id=\"73f240c\" data-element_type=\"widget\" data-e-type=\"widget\" data-widget_type=\"text-editor.default\">\n\t\t\t\t<div class=\"elementor-widget-container\">\n\t\t\t\t\t\t\t\t\t<div id=\"u18003\" class=\"clip_frame grpelem\" style=\"text-align: center;\" data-muse-uid=\"U18003\" data-muse-type=\"img_frame\">Pour toute r\u00e9ception dans notre espace nous \u00e9tablirons un devis pour votre projet.<\/div><div style=\"text-align: center;\" data-muse-uid=\"U18003\" data-muse-type=\"img_frame\">\u00a0<\/div><div data-muse-uid=\"U18003\" data-muse-type=\"img_frame\"><p style=\"text-align: center;\">Nous \u00e9tudions chaque demande avec un soin particulier, n&rsquo;h\u00e9sitez pas \u00e0 nous contacter.<\/p><p style=\"text-align: center;\">05 55 03 50 73<\/p><\/div>\t\t\t\t\t\t\t\t<\/div>\n\t\t\t\t<\/div>\n\t\t\t\t<div class=\"elementor-element elementor-element-3e86c7d elementor-widget elementor-widget-spacer\" data-id=\"3e86c7d\" data-element_type=\"widget\" data-e-type=\"widget\" data-widget_type=\"spacer.default\">\n\t\t\t\t<div class=\"elementor-widget-container\">\n\t\t\t\t\t\t\t<div class=\"elementor-spacer\">\n\t\t\t<div class=\"elementor-spacer-inner\"><\/div>\n\t\t<\/div>\n\t\t\t\t\t\t<\/div>\n\t\t\t\t<\/div>\n\t\t\t\t<div class=\"elementor-element elementor-element-a190165 elementor-widget elementor-widget-text-editor\" data-id=\"a190165\" data-element_type=\"widget\" data-e-type=\"widget\" data-widget_type=\"text-editor.default\">\n\t\t\t\t<div class=\"elementor-widget-container\">\n\t\t\t\t\t\t\t\t\t<p style=\"text-align: center;\">L&rsquo;abus d&rsquo;alcool est dangereux pour la sant\u00e9, consommez avec mod\u00e9ration.<\/p>\t\t\t\t\t\t\t\t<\/div>\n\t\t\t\t<\/div>\n\t\t\t\t\t<\/div>\n\t\t\t\t<\/div>\n\t\t\t\t<\/div>\n\t\t","protected":false},"excerpt":{"rendered":"<p>L&rsquo;offre traiteur Pour mieux vous servir, depuis 15 ans, l\u2019Auberge de Veyrac a mis en place un service TRAITEUR avec conception &#8211; R\u00e9alisation de buffets &#8211; Repas complet \u00e0 emporter &#8211; Cocktail \u00e0 emporter&#8230; Un anniversaire ? une c\u00e9r\u00e9monie ? Pour toutes ces occasions si particuli\u00e8res \u00e0 vos yeux, n\u2019h\u00e9sitez pas, faites appel \u00e0 notre [&hellip;]<\/p>\n","protected":false},"author":3,"featured_media":0,"parent":0,"menu_order":0,"comment_status":"closed","ping_status":"closed","template":"elementor_header_footer","meta":{"footnotes":""},"class_list":["post-990","page","type-page","status-publish","hentry"],"yoast_head":"<!-- This site is optimized with the Yoast SEO plugin v27.5 - https:\/\/yoast.com\/product\/yoast-seo-wordpress\/ -->\n<title>TRAITEUR - Auberge de Veyrac<\/title>\n<meta name=\"robots\" content=\"index, follow, max-snippet:-1, max-image-preview:large, max-video-preview:-1\" \/>\n<link rel=\"canonical\" href=\"https:\/\/www.aubergedeveyrac.fr\/index.php\/traiteur\/\" \/>\n<meta property=\"og:locale\" content=\"fr_FR\" \/>\n<meta property=\"og:type\" content=\"article\" \/>\n<meta property=\"og:title\" content=\"TRAITEUR - Auberge de Veyrac\" \/>\n<meta property=\"og:description\" content=\"L&rsquo;offre traiteur Pour mieux vous servir, depuis 15 ans, l\u2019Auberge de Veyrac a mis en place un service TRAITEUR avec conception &#8211; R\u00e9alisation de buffets &#8211; Repas complet \u00e0 emporter &#8211; Cocktail \u00e0 emporter&#8230; Un anniversaire ? une c\u00e9r\u00e9monie ? Pour toutes ces occasions si particuli\u00e8res \u00e0 vos yeux, n\u2019h\u00e9sitez pas, faites appel \u00e0 notre [&hellip;]\" \/>\n<meta property=\"og:url\" content=\"https:\/\/www.aubergedeveyrac.fr\/index.php\/traiteur\/\" \/>\n<meta property=\"og:site_name\" content=\"Auberge de Veyrac\" \/>\n<meta property=\"article:modified_time\" content=\"2026-01-28T09:19:12+00:00\" \/>\n<meta property=\"og:image\" content=\"https:\/\/www.aubergedeveyrac.fr\/wp-content\/uploads\/2024\/04\/AUBERGE-DE-VEYRAC-logo-blanc-300.png\" \/>\n\t<meta property=\"og:image:width\" content=\"735\" \/>\n\t<meta property=\"og:image:height\" content=\"793\" \/>\n\t<meta property=\"og:image:type\" content=\"image\/png\" \/>\n<meta name=\"twitter:card\" content=\"summary_large_image\" \/>\n<meta name=\"twitter:label1\" content=\"Dur\u00e9e de lecture estim\u00e9e\" \/>\n\t<meta name=\"twitter:data1\" content=\"2 minutes\" \/>\n<script type=\"application\/ld+json\" class=\"yoast-schema-graph\">{\"@context\":\"https:\\\/\\\/schema.org\",\"@graph\":[{\"@type\":\"WebPage\",\"@id\":\"https:\\\/\\\/www.aubergedeveyrac.fr\\\/index.php\\\/traiteur\\\/\",\"url\":\"https:\\\/\\\/www.aubergedeveyrac.fr\\\/index.php\\\/traiteur\\\/\",\"name\":\"TRAITEUR - Auberge de Veyrac\",\"isPartOf\":{\"@id\":\"https:\\\/\\\/www.aubergedeveyrac.fr\\\/#website\"},\"primaryImageOfPage\":{\"@id\":\"https:\\\/\\\/www.aubergedeveyrac.fr\\\/index.php\\\/traiteur\\\/#primaryimage\"},\"image\":{\"@id\":\"https:\\\/\\\/www.aubergedeveyrac.fr\\\/index.php\\\/traiteur\\\/#primaryimage\"},\"thumbnailUrl\":\"https:\\\/\\\/www.aubergedeveyrac.fr\\\/wp-content\\\/uploads\\\/2024\\\/04\\\/AUBERGE-DE-VEYRAC-logo-blanc-300.png\",\"datePublished\":\"2024-04-15T10:35:24+00:00\",\"dateModified\":\"2026-01-28T09:19:12+00:00\",\"breadcrumb\":{\"@id\":\"https:\\\/\\\/www.aubergedeveyrac.fr\\\/index.php\\\/traiteur\\\/#breadcrumb\"},\"inLanguage\":\"fr-FR\",\"potentialAction\":[{\"@type\":\"ReadAction\",\"target\":[\"https:\\\/\\\/www.aubergedeveyrac.fr\\\/index.php\\\/traiteur\\\/\"]}]},{\"@type\":\"ImageObject\",\"inLanguage\":\"fr-FR\",\"@id\":\"https:\\\/\\\/www.aubergedeveyrac.fr\\\/index.php\\\/traiteur\\\/#primaryimage\",\"url\":\"https:\\\/\\\/www.aubergedeveyrac.fr\\\/wp-content\\\/uploads\\\/2024\\\/04\\\/AUBERGE-DE-VEYRAC-logo-blanc-300.png\",\"contentUrl\":\"https:\\\/\\\/www.aubergedeveyrac.fr\\\/wp-content\\\/uploads\\\/2024\\\/04\\\/AUBERGE-DE-VEYRAC-logo-blanc-300.png\",\"width\":735,\"height\":793},{\"@type\":\"BreadcrumbList\",\"@id\":\"https:\\\/\\\/www.aubergedeveyrac.fr\\\/index.php\\\/traiteur\\\/#breadcrumb\",\"itemListElement\":[{\"@type\":\"ListItem\",\"position\":1,\"name\":\"Accueil\",\"item\":\"https:\\\/\\\/www.aubergedeveyrac.fr\\\/\"},{\"@type\":\"ListItem\",\"position\":2,\"name\":\"TRAITEUR\"}]},{\"@type\":\"WebSite\",\"@id\":\"https:\\\/\\\/www.aubergedeveyrac.fr\\\/#website\",\"url\":\"https:\\\/\\\/www.aubergedeveyrac.fr\\\/\",\"name\":\"Auberge de Veyrac\",\"description\":\"Bienvenue dans un univers succulent\",\"publisher\":{\"@id\":\"https:\\\/\\\/www.aubergedeveyrac.fr\\\/#organization\"},\"potentialAction\":[{\"@type\":\"SearchAction\",\"target\":{\"@type\":\"EntryPoint\",\"urlTemplate\":\"https:\\\/\\\/www.aubergedeveyrac.fr\\\/?s={search_term_string}\"},\"query-input\":{\"@type\":\"PropertyValueSpecification\",\"valueRequired\":true,\"valueName\":\"search_term_string\"}}],\"inLanguage\":\"fr-FR\"},{\"@type\":\"Organization\",\"@id\":\"https:\\\/\\\/www.aubergedeveyrac.fr\\\/#organization\",\"name\":\"Auberge de Veyrac\",\"url\":\"https:\\\/\\\/www.aubergedeveyrac.fr\\\/\",\"logo\":{\"@type\":\"ImageObject\",\"inLanguage\":\"fr-FR\",\"@id\":\"https:\\\/\\\/www.aubergedeveyrac.fr\\\/#\\\/schema\\\/logo\\\/image\\\/\",\"url\":\"https:\\\/\\\/www.aubergedeveyrac.fr\\\/wp-content\\\/uploads\\\/2024\\\/04\\\/auberge-de-veyrac_logo_noir_48x39.png\",\"contentUrl\":\"https:\\\/\\\/www.aubergedeveyrac.fr\\\/wp-content\\\/uploads\\\/2024\\\/04\\\/auberge-de-veyrac_logo_noir_48x39.png\",\"width\":48,\"height\":39,\"caption\":\"Auberge de Veyrac\"},\"image\":{\"@id\":\"https:\\\/\\\/www.aubergedeveyrac.fr\\\/#\\\/schema\\\/logo\\\/image\\\/\"}}]}<\/script>\n<!-- \/ Yoast SEO plugin. -->","yoast_head_json":{"title":"TRAITEUR - Auberge de Veyrac","robots":{"index":"index","follow":"follow","max-snippet":"max-snippet:-1","max-image-preview":"max-image-preview:large","max-video-preview":"max-video-preview:-1"},"canonical":"https:\/\/www.aubergedeveyrac.fr\/index.php\/traiteur\/","og_locale":"fr_FR","og_type":"article","og_title":"TRAITEUR - Auberge de Veyrac","og_description":"L&rsquo;offre traiteur Pour mieux vous servir, depuis 15 ans, l\u2019Auberge de Veyrac a mis en place un service TRAITEUR avec conception &#8211; R\u00e9alisation de buffets &#8211; Repas complet \u00e0 emporter &#8211; Cocktail \u00e0 emporter&#8230; Un anniversaire ? une c\u00e9r\u00e9monie ? Pour toutes ces occasions si particuli\u00e8res \u00e0 vos yeux, n\u2019h\u00e9sitez pas, faites appel \u00e0 notre [&hellip;]","og_url":"https:\/\/www.aubergedeveyrac.fr\/index.php\/traiteur\/","og_site_name":"Auberge de Veyrac","article_modified_time":"2026-01-28T09:19:12+00:00","og_image":[{"width":735,"height":793,"url":"https:\/\/www.aubergedeveyrac.fr\/wp-content\/uploads\/2024\/04\/AUBERGE-DE-VEYRAC-logo-blanc-300.png","type":"image\/png"}],"twitter_card":"summary_large_image","twitter_misc":{"Dur\u00e9e de lecture estim\u00e9e":"2 minutes"},"schema":{"@context":"https:\/\/schema.org","@graph":[{"@type":"WebPage","@id":"https:\/\/www.aubergedeveyrac.fr\/index.php\/traiteur\/","url":"https:\/\/www.aubergedeveyrac.fr\/index.php\/traiteur\/","name":"TRAITEUR - Auberge de Veyrac","isPartOf":{"@id":"https:\/\/www.aubergedeveyrac.fr\/#website"},"primaryImageOfPage":{"@id":"https:\/\/www.aubergedeveyrac.fr\/index.php\/traiteur\/#primaryimage"},"image":{"@id":"https:\/\/www.aubergedeveyrac.fr\/index.php\/traiteur\/#primaryimage"},"thumbnailUrl":"https:\/\/www.aubergedeveyrac.fr\/wp-content\/uploads\/2024\/04\/AUBERGE-DE-VEYRAC-logo-blanc-300.png","datePublished":"2024-04-15T10:35:24+00:00","dateModified":"2026-01-28T09:19:12+00:00","breadcrumb":{"@id":"https:\/\/www.aubergedeveyrac.fr\/index.php\/traiteur\/#breadcrumb"},"inLanguage":"fr-FR","potentialAction":[{"@type":"ReadAction","target":["https:\/\/www.aubergedeveyrac.fr\/index.php\/traiteur\/"]}]},{"@type":"ImageObject","inLanguage":"fr-FR","@id":"https:\/\/www.aubergedeveyrac.fr\/index.php\/traiteur\/#primaryimage","url":"https:\/\/www.aubergedeveyrac.fr\/wp-content\/uploads\/2024\/04\/AUBERGE-DE-VEYRAC-logo-blanc-300.png","contentUrl":"https:\/\/www.aubergedeveyrac.fr\/wp-content\/uploads\/2024\/04\/AUBERGE-DE-VEYRAC-logo-blanc-300.png","width":735,"height":793},{"@type":"BreadcrumbList","@id":"https:\/\/www.aubergedeveyrac.fr\/index.php\/traiteur\/#breadcrumb","itemListElement":[{"@type":"ListItem","position":1,"name":"Accueil","item":"https:\/\/www.aubergedeveyrac.fr\/"},{"@type":"ListItem","position":2,"name":"TRAITEUR"}]},{"@type":"WebSite","@id":"https:\/\/www.aubergedeveyrac.fr\/#website","url":"https:\/\/www.aubergedeveyrac.fr\/","name":"Auberge de Veyrac","description":"Bienvenue dans un univers succulent","publisher":{"@id":"https:\/\/www.aubergedeveyrac.fr\/#organization"},"potentialAction":[{"@type":"SearchAction","target":{"@type":"EntryPoint","urlTemplate":"https:\/\/www.aubergedeveyrac.fr\/?s={search_term_string}"},"query-input":{"@type":"PropertyValueSpecification","valueRequired":true,"valueName":"search_term_string"}}],"inLanguage":"fr-FR"},{"@type":"Organization","@id":"https:\/\/www.aubergedeveyrac.fr\/#organization","name":"Auberge de Veyrac","url":"https:\/\/www.aubergedeveyrac.fr\/","logo":{"@type":"ImageObject","inLanguage":"fr-FR","@id":"https:\/\/www.aubergedeveyrac.fr\/#\/schema\/logo\/image\/","url":"https:\/\/www.aubergedeveyrac.fr\/wp-content\/uploads\/2024\/04\/auberge-de-veyrac_logo_noir_48x39.png","contentUrl":"https:\/\/www.aubergedeveyrac.fr\/wp-content\/uploads\/2024\/04\/auberge-de-veyrac_logo_noir_48x39.png","width":48,"height":39,"caption":"Auberge de Veyrac"},"image":{"@id":"https:\/\/www.aubergedeveyrac.fr\/#\/schema\/logo\/image\/"}}]}},"_links":{"self":[{"href":"https:\/\/www.aubergedeveyrac.fr\/index.php\/wp-json\/wp\/v2\/pages\/990","targetHints":{"allow":["GET"]}}],"collection":[{"href":"https:\/\/www.aubergedeveyrac.fr\/index.php\/wp-json\/wp\/v2\/pages"}],"about":[{"href":"https:\/\/www.aubergedeveyrac.fr\/index.php\/wp-json\/wp\/v2\/types\/page"}],"author":[{"embeddable":true,"href":"https:\/\/www.aubergedeveyrac.fr\/index.php\/wp-json\/wp\/v2\/users\/3"}],"replies":[{"embeddable":true,"href":"https:\/\/www.aubergedeveyrac.fr\/index.php\/wp-json\/wp\/v2\/comments?post=990"}],"version-history":[{"count":70,"href":"https:\/\/www.aubergedeveyrac.fr\/index.php\/wp-json\/wp\/v2\/pages\/990\/revisions"}],"predecessor-version":[{"id":1890,"href":"https:\/\/www.aubergedeveyrac.fr\/index.php\/wp-json\/wp\/v2\/pages\/990\/revisions\/1890"}],"wp:attachment":[{"href":"https:\/\/www.aubergedeveyrac.fr\/index.php\/wp-json\/wp\/v2\/media?parent=990"}],"curies":[{"name":"wp","href":"https:\/\/api.w.org\/{rel}","templated":true}]}}