{"id":1453,"date":"2024-04-16T17:32:59","date_gmt":"2024-04-16T15:32:59","guid":{"rendered":"https:\/\/www.aubergedeveyrac.fr\/?page_id=1453"},"modified":"2024-04-22T10:17:19","modified_gmt":"2024-04-22T08:17:19","slug":"mentions-legales","status":"publish","type":"page","link":"https:\/\/www.aubergedeveyrac.fr\/index.php\/mentions-legales\/","title":{"rendered":"Mentions l\u00e9gales"},"content":{"rendered":"\t\t<div data-elementor-type=\"wp-page\" data-elementor-id=\"1453\" class=\"elementor elementor-1453\" data-elementor-settings=\"{&quot;ha_cmc_init_switcher&quot;:&quot;no&quot;}\">\n\t\t\t\t<div class=\"elementor-element elementor-element-2916fab e-flex e-con-boxed e-con e-parent\" data-id=\"2916fab\" data-element_type=\"container\" data-e-type=\"container\" data-settings=\"{&quot;background_background&quot;:&quot;classic&quot;,&quot;_ha_eqh_enable&quot;:false}\">\n\t\t\t\t\t<div class=\"e-con-inner\">\n\t\t<div class=\"elementor-element elementor-element-e0277b7 e-con-full e-flex e-con e-child\" data-id=\"e0277b7\" data-element_type=\"container\" data-e-type=\"container\" data-settings=\"{&quot;_ha_eqh_enable&quot;:false}\">\n\t\t\t\t<div class=\"elementor-element elementor-element-2da38b7 elementor-widget elementor-widget-spacer\" data-id=\"2da38b7\" data-element_type=\"widget\" data-e-type=\"widget\" data-widget_type=\"spacer.default\">\n\t\t\t\t<div class=\"elementor-widget-container\">\n\t\t\t\t\t\t\t<div class=\"elementor-spacer\">\n\t\t\t<div class=\"elementor-spacer-inner\"><\/div>\n\t\t<\/div>\n\t\t\t\t\t\t<\/div>\n\t\t\t\t<\/div>\n\t\t\t\t<div class=\"elementor-element elementor-element-db902fe elementor-widget elementor-widget-heading\" data-id=\"db902fe\" data-element_type=\"widget\" data-e-type=\"widget\" data-widget_type=\"heading.default\">\n\t\t\t\t<div class=\"elementor-widget-container\">\n\t\t\t\t\t<h2 class=\"elementor-heading-title elementor-size-default\">Mentions l\u00e9gales<\/h2>\t\t\t\t<\/div>\n\t\t\t\t<\/div>\n\t\t\t\t<div class=\"elementor-element elementor-element-38fd55b elementor-widget elementor-widget-text-editor\" data-id=\"38fd55b\" data-element_type=\"widget\" data-e-type=\"widget\" data-widget_type=\"text-editor.default\">\n\t\t\t\t<div class=\"elementor-widget-container\">\n\t\t\t\t\t\t\t\t\t<p>En vertu de l\u2019article 6 de la loi N\u00b02004-575 du 21 juin 2004 pour la confiance dans l\u2019\u00e9conomie num\u00e9rique, il est pr\u00e9cis\u00e9 aux utilisateurs du site, l\u2019identit\u00e9 des diff\u00e9rents intervenants dans le cadre de sa r\u00e9alisation et de son suivi<\/p><p><strong>L&rsquo;abus d&rsquo;alcool est dangereux pour la sant\u00e9. \u00c0 consommer avec mod\u00e9ration.<\/strong><\/p><p><strong>Contact :<\/strong><\/p><p>L&rsquo;Auberge de Veyrac<br \/>Lieu-dit les 5 routes<br \/>87520 Veyrac<br \/>T\u00e9l. : 05 55 03 50 73<\/p><p>Responsable de la publication : Christine Richard<\/p><p>Immatriculation :<br \/>N\u00b0 Siret : 85049238000017<br \/>Code APE :\u00a0<span class=\"description-txt\">5610A<\/span><\/p><p>Conception du site : <a href=\"https:\/\/www.adagecom.fr\/\">https:\/\/www.adagecom.fr\/<\/a><\/p><p><strong>ADAGE, SARL<\/strong><\/p><p>RCS : Limoges B 379 775 257<br \/>Code APE : 6201Z<br \/>Adresse : 16 CRS JOURDAN, 87000 Limoges<br \/>Contact : pao@adagesa.com<br \/>T\u00e9l\u00e9phone : 05 55 70 51 00<\/p><p><strong>Le site internet est h\u00e9berg\u00e9 par OVH<\/strong><br \/>SAS au capital de 10 069 020\u20ac<br \/>RCS Lille M\u00e9tropole 424 761 419 00045<br \/>Code APE 6202A<br \/>Adresse 2 rue Kellermann \u2013 59100 Roubaix France<br \/>T\u00e9l\u00e9phone : 09 72 10 10 07<\/p><p><strong>Utilisation des donn\u00e9es personnelles collect\u00e9es :<\/strong><\/p><p>Les informations recueillies par L&rsquo;Auberge de Veyrac, responsable de traitement, font l\u2019objet d\u2019un traitement informatique g\u00e9r\u00e9 par le service technique.<\/p><p>Elles seront conserv\u00e9es pendant trois ans \u00e0 compter de leur collecte ou du dernier contact \u00e9manant de votre part (demande d\u2019information par exemple, action sur un e-mailing\u2026).<\/p><p>Conform\u00e9ment \u00e0 la Loi Informatique et Libert\u00e9s du 6 janvier 1978 modifi\u00e9e, et au R\u00e8glement G\u00e9n\u00e9ral sur la protection des donn\u00e9es personnelles (RGPD) du 27 avril 2016, vous b\u00e9n\u00e9ficiez d\u2019un droit d\u2019acc\u00e8s, de rectification, de suppression, de limitation, de portabilit\u00e9 (lorsqu\u2019il s\u2019applique) et d\u2019opposition aux informations qui vous concernent. Vous pouvez exercer ces droits en vous adressant \u00e0 <a href=\"auberge-de-veyrac@orange.fr\">auberge-de-veyrac@orange.fr<\/a>.<\/p><p>Vous disposez \u00e9galement du droit d\u2019introduire une r\u00e9clamation aupr\u00e8s de la CNIL.<\/p><p>Propri\u00e9t\u00e9 Intellectuelle \/ Droits conc\u00e9d\u00e9s aux utilisateurs<\/p><p>La structure g\u00e9n\u00e9rale du site <a href=\"https:\/\/www.aubergedeveyrac.fr\">https:\/\/www.aubergedeveyrac.fr<\/a>, ainsi que son contenu (textes, graphiques, images\u2026), sont la propri\u00e9t\u00e9 de L&rsquo;Auberge de Veyrac.<\/p><p>Toute repr\u00e9sentation, reproduction, exploitation partielle ou totale, des contenus et services propos\u00e9s dans le site de L&rsquo;Auberge de Veyrac, quel que soit le proc\u00e9d\u00e9, sans l\u2019autorisation pr\u00e9alable et par \u00e9crit du responsable de publication est strictement interdite et serait sujet \u00e0 constituer une contrefa\u00e7on au sens des articles L 335-2 et suivants du Code de la propri\u00e9t\u00e9 intellectuelle.<\/p>\t\t\t\t\t\t\t\t<\/div>\n\t\t\t\t<\/div>\n\t\t\t\t<div class=\"elementor-element elementor-element-6e344f5 elementor-widget elementor-widget-spacer\" data-id=\"6e344f5\" data-element_type=\"widget\" data-e-type=\"widget\" data-widget_type=\"spacer.default\">\n\t\t\t\t<div class=\"elementor-widget-container\">\n\t\t\t\t\t\t\t<div class=\"elementor-spacer\">\n\t\t\t<div class=\"elementor-spacer-inner\"><\/div>\n\t\t<\/div>\n\t\t\t\t\t\t<\/div>\n\t\t\t\t<\/div>\n\t\t\t\t<\/div>\n\t\t\t\t\t<\/div>\n\t\t\t\t<\/div>\n\t\t\t\t<\/div>\n\t\t","protected":false},"excerpt":{"rendered":"<p>Mentions l\u00e9gales En vertu de l\u2019article 6 de la loi N\u00b02004-575 du 21 juin 2004 pour la confiance dans l\u2019\u00e9conomie num\u00e9rique, il est pr\u00e9cis\u00e9 aux utilisateurs du site, l\u2019identit\u00e9 des diff\u00e9rents intervenants dans le cadre de sa r\u00e9alisation et de son suivi L&rsquo;abus d&rsquo;alcool est dangereux pour la sant\u00e9. \u00c0 consommer avec mod\u00e9ration. Contact : [&hellip;]<\/p>\n","protected":false},"author":3,"featured_media":0,"parent":0,"menu_order":0,"comment_status":"closed","ping_status":"closed","template":"elementor_header_footer","meta":{"footnotes":""},"class_list":["post-1453","page","type-page","status-publish","hentry"],"yoast_head":"<!-- This site is optimized with the Yoast SEO plugin v27.5 - https:\/\/yoast.com\/product\/yoast-seo-wordpress\/ -->\n<title>Mentions l\u00e9gales - Auberge de Veyrac<\/title>\n<meta name=\"robots\" content=\"index, follow, max-snippet:-1, max-image-preview:large, max-video-preview:-1\" \/>\n<link rel=\"canonical\" href=\"https:\/\/www.aubergedeveyrac.fr\/index.php\/mentions-legales\/\" \/>\n<meta property=\"og:locale\" content=\"fr_FR\" \/>\n<meta property=\"og:type\" content=\"article\" \/>\n<meta property=\"og:title\" content=\"Mentions l\u00e9gales - Auberge de Veyrac\" \/>\n<meta property=\"og:description\" content=\"Mentions l\u00e9gales En vertu de l\u2019article 6 de la loi N\u00b02004-575 du 21 juin 2004 pour la confiance dans l\u2019\u00e9conomie num\u00e9rique, il est pr\u00e9cis\u00e9 aux utilisateurs du site, l\u2019identit\u00e9 des diff\u00e9rents intervenants dans le cadre de sa r\u00e9alisation et de son suivi L&rsquo;abus d&rsquo;alcool est dangereux pour la sant\u00e9. \u00c0 consommer avec mod\u00e9ration. Contact : [&hellip;]\" \/>\n<meta property=\"og:url\" content=\"https:\/\/www.aubergedeveyrac.fr\/index.php\/mentions-legales\/\" \/>\n<meta property=\"og:site_name\" content=\"Auberge de Veyrac\" \/>\n<meta property=\"article:modified_time\" content=\"2024-04-22T08:17:19+00:00\" \/>\n<meta name=\"twitter:card\" content=\"summary_large_image\" \/>\n<meta name=\"twitter:label1\" content=\"Dur\u00e9e de lecture estim\u00e9e\" \/>\n\t<meta name=\"twitter:data1\" content=\"2 minutes\" \/>\n<script type=\"application\/ld+json\" class=\"yoast-schema-graph\">{\"@context\":\"https:\\\/\\\/schema.org\",\"@graph\":[{\"@type\":\"WebPage\",\"@id\":\"https:\\\/\\\/www.aubergedeveyrac.fr\\\/index.php\\\/mentions-legales\\\/\",\"url\":\"https:\\\/\\\/www.aubergedeveyrac.fr\\\/index.php\\\/mentions-legales\\\/\",\"name\":\"Mentions l\u00e9gales - Auberge de Veyrac\",\"isPartOf\":{\"@id\":\"https:\\\/\\\/www.aubergedeveyrac.fr\\\/#website\"},\"datePublished\":\"2024-04-16T15:32:59+00:00\",\"dateModified\":\"2024-04-22T08:17:19+00:00\",\"breadcrumb\":{\"@id\":\"https:\\\/\\\/www.aubergedeveyrac.fr\\\/index.php\\\/mentions-legales\\\/#breadcrumb\"},\"inLanguage\":\"fr-FR\",\"potentialAction\":[{\"@type\":\"ReadAction\",\"target\":[\"https:\\\/\\\/www.aubergedeveyrac.fr\\\/index.php\\\/mentions-legales\\\/\"]}]},{\"@type\":\"BreadcrumbList\",\"@id\":\"https:\\\/\\\/www.aubergedeveyrac.fr\\\/index.php\\\/mentions-legales\\\/#breadcrumb\",\"itemListElement\":[{\"@type\":\"ListItem\",\"position\":1,\"name\":\"Accueil\",\"item\":\"https:\\\/\\\/www.aubergedeveyrac.fr\\\/\"},{\"@type\":\"ListItem\",\"position\":2,\"name\":\"Mentions l\u00e9gales\"}]},{\"@type\":\"WebSite\",\"@id\":\"https:\\\/\\\/www.aubergedeveyrac.fr\\\/#website\",\"url\":\"https:\\\/\\\/www.aubergedeveyrac.fr\\\/\",\"name\":\"Auberge de Veyrac\",\"description\":\"Bienvenue dans un univers succulent\",\"publisher\":{\"@id\":\"https:\\\/\\\/www.aubergedeveyrac.fr\\\/#organization\"},\"potentialAction\":[{\"@type\":\"SearchAction\",\"target\":{\"@type\":\"EntryPoint\",\"urlTemplate\":\"https:\\\/\\\/www.aubergedeveyrac.fr\\\/?s={search_term_string}\"},\"query-input\":{\"@type\":\"PropertyValueSpecification\",\"valueRequired\":true,\"valueName\":\"search_term_string\"}}],\"inLanguage\":\"fr-FR\"},{\"@type\":\"Organization\",\"@id\":\"https:\\\/\\\/www.aubergedeveyrac.fr\\\/#organization\",\"name\":\"Auberge de Veyrac\",\"url\":\"https:\\\/\\\/www.aubergedeveyrac.fr\\\/\",\"logo\":{\"@type\":\"ImageObject\",\"inLanguage\":\"fr-FR\",\"@id\":\"https:\\\/\\\/www.aubergedeveyrac.fr\\\/#\\\/schema\\\/logo\\\/image\\\/\",\"url\":\"https:\\\/\\\/www.aubergedeveyrac.fr\\\/wp-content\\\/uploads\\\/2024\\\/04\\\/auberge-de-veyrac_logo_noir_48x39.png\",\"contentUrl\":\"https:\\\/\\\/www.aubergedeveyrac.fr\\\/wp-content\\\/uploads\\\/2024\\\/04\\\/auberge-de-veyrac_logo_noir_48x39.png\",\"width\":48,\"height\":39,\"caption\":\"Auberge de Veyrac\"},\"image\":{\"@id\":\"https:\\\/\\\/www.aubergedeveyrac.fr\\\/#\\\/schema\\\/logo\\\/image\\\/\"}}]}<\/script>\n<!-- \/ Yoast SEO plugin. -->","yoast_head_json":{"title":"Mentions l\u00e9gales - Auberge de Veyrac","robots":{"index":"index","follow":"follow","max-snippet":"max-snippet:-1","max-image-preview":"max-image-preview:large","max-video-preview":"max-video-preview:-1"},"canonical":"https:\/\/www.aubergedeveyrac.fr\/index.php\/mentions-legales\/","og_locale":"fr_FR","og_type":"article","og_title":"Mentions l\u00e9gales - Auberge de Veyrac","og_description":"Mentions l\u00e9gales En vertu de l\u2019article 6 de la loi N\u00b02004-575 du 21 juin 2004 pour la confiance dans l\u2019\u00e9conomie num\u00e9rique, il est pr\u00e9cis\u00e9 aux utilisateurs du site, l\u2019identit\u00e9 des diff\u00e9rents intervenants dans le cadre de sa r\u00e9alisation et de son suivi L&rsquo;abus d&rsquo;alcool est dangereux pour la sant\u00e9. \u00c0 consommer avec mod\u00e9ration. Contact : [&hellip;]","og_url":"https:\/\/www.aubergedeveyrac.fr\/index.php\/mentions-legales\/","og_site_name":"Auberge de Veyrac","article_modified_time":"2024-04-22T08:17:19+00:00","twitter_card":"summary_large_image","twitter_misc":{"Dur\u00e9e de lecture estim\u00e9e":"2 minutes"},"schema":{"@context":"https:\/\/schema.org","@graph":[{"@type":"WebPage","@id":"https:\/\/www.aubergedeveyrac.fr\/index.php\/mentions-legales\/","url":"https:\/\/www.aubergedeveyrac.fr\/index.php\/mentions-legales\/","name":"Mentions l\u00e9gales - Auberge de Veyrac","isPartOf":{"@id":"https:\/\/www.aubergedeveyrac.fr\/#website"},"datePublished":"2024-04-16T15:32:59+00:00","dateModified":"2024-04-22T08:17:19+00:00","breadcrumb":{"@id":"https:\/\/www.aubergedeveyrac.fr\/index.php\/mentions-legales\/#breadcrumb"},"inLanguage":"fr-FR","potentialAction":[{"@type":"ReadAction","target":["https:\/\/www.aubergedeveyrac.fr\/index.php\/mentions-legales\/"]}]},{"@type":"BreadcrumbList","@id":"https:\/\/www.aubergedeveyrac.fr\/index.php\/mentions-legales\/#breadcrumb","itemListElement":[{"@type":"ListItem","position":1,"name":"Accueil","item":"https:\/\/www.aubergedeveyrac.fr\/"},{"@type":"ListItem","position":2,"name":"Mentions l\u00e9gales"}]},{"@type":"WebSite","@id":"https:\/\/www.aubergedeveyrac.fr\/#website","url":"https:\/\/www.aubergedeveyrac.fr\/","name":"Auberge de Veyrac","description":"Bienvenue dans un univers succulent","publisher":{"@id":"https:\/\/www.aubergedeveyrac.fr\/#organization"},"potentialAction":[{"@type":"SearchAction","target":{"@type":"EntryPoint","urlTemplate":"https:\/\/www.aubergedeveyrac.fr\/?s={search_term_string}"},"query-input":{"@type":"PropertyValueSpecification","valueRequired":true,"valueName":"search_term_string"}}],"inLanguage":"fr-FR"},{"@type":"Organization","@id":"https:\/\/www.aubergedeveyrac.fr\/#organization","name":"Auberge de Veyrac","url":"https:\/\/www.aubergedeveyrac.fr\/","logo":{"@type":"ImageObject","inLanguage":"fr-FR","@id":"https:\/\/www.aubergedeveyrac.fr\/#\/schema\/logo\/image\/","url":"https:\/\/www.aubergedeveyrac.fr\/wp-content\/uploads\/2024\/04\/auberge-de-veyrac_logo_noir_48x39.png","contentUrl":"https:\/\/www.aubergedeveyrac.fr\/wp-content\/uploads\/2024\/04\/auberge-de-veyrac_logo_noir_48x39.png","width":48,"height":39,"caption":"Auberge de Veyrac"},"image":{"@id":"https:\/\/www.aubergedeveyrac.fr\/#\/schema\/logo\/image\/"}}]}},"_links":{"self":[{"href":"https:\/\/www.aubergedeveyrac.fr\/index.php\/wp-json\/wp\/v2\/pages\/1453","targetHints":{"allow":["GET"]}}],"collection":[{"href":"https:\/\/www.aubergedeveyrac.fr\/index.php\/wp-json\/wp\/v2\/pages"}],"about":[{"href":"https:\/\/www.aubergedeveyrac.fr\/index.php\/wp-json\/wp\/v2\/types\/page"}],"author":[{"embeddable":true,"href":"https:\/\/www.aubergedeveyrac.fr\/index.php\/wp-json\/wp\/v2\/users\/3"}],"replies":[{"embeddable":true,"href":"https:\/\/www.aubergedeveyrac.fr\/index.php\/wp-json\/wp\/v2\/comments?post=1453"}],"version-history":[{"count":16,"href":"https:\/\/www.aubergedeveyrac.fr\/index.php\/wp-json\/wp\/v2\/pages\/1453\/revisions"}],"predecessor-version":[{"id":1547,"href":"https:\/\/www.aubergedeveyrac.fr\/index.php\/wp-json\/wp\/v2\/pages\/1453\/revisions\/1547"}],"wp:attachment":[{"href":"https:\/\/www.aubergedeveyrac.fr\/index.php\/wp-json\/wp\/v2\/media?parent=1453"}],"curies":[{"name":"wp","href":"https:\/\/api.w.org\/{rel}","templated":true}]}}